ate the remainder when 2780 is divided by 23.
20
Calculate the remainder when 116 is divided by 8.
4
What is the remainder when 1149 is divided by 65?
44
Calculate the remainder when 2596 is divided by 1283.
30
What is the remainder when 607 is divided by 6?
1
Calculate the remainder when 193 is divided by 46.
9
What is the remainder when 2690 is divided by 13?
12
What is the remainder when 733 is divided by 26?
5
Calculate the remainder when 680 is divided by 86.
78
Calculate the remainder when 232 is divided by 110.
12
What is the remainder when 2450 is divided by 18?
2
What is the remainder when 1909 is divided by 10?
9
Calculate the remainder when 877 is divided by 176.
173
Calculate the remainder when 205 is divided by 201.
4
Calculate the remainder when 121 is divided by 58.
5
What is the remainder when 713 is divided by 273?
167
Calculate the remainder when 154 is divided by 6.
4
Calculate the remainder when 284 is divided by 41.
38
Calculate the remainder when 284 is divided by 41.
38
What is the remainder when 93 is divided by 87?
6
What is the remainder when 150 is divided by 14?
10
What is the remainder when 2031 is divided by 677?
0
What is the remainder when 898 is divided by 156?
118
What is the remainder when 901 is divided by 102?
85
Calculate the remainder when 5962 is divided by 38.
34
Calculate the remainder when 894 is divided by 7.
5
What is the remainder when 98 is divided by 44?
10
What is the remainder when 4698 is divided by 94?
92
What is the remainder when 9062 is divided by 53?
52
What is the remainder when 871 is divided by 8?
7
What is the remainder when 557 is divided by 65?
37
What is the remainder when 821 is divided by 138?
131
What is the remainder when 550 is divided by 37?
32
Calculate the remainder when 98 is divided by 52.
46
What is the remainder when 348 is divided by 23?
3
What is the remainder when 374 is divided by 180?
14
What is the remainder when 276 is divided by 32?
20
Calculate the remainder when 211 is divided by 75.
61
What is the remainder when 560 is divided by 251?
58
Calculate the remainder when 51 is divided by 19.
13
What is the remainder when 1952 is divided by 12?
8
Calculate the remainder when 136 is divided by 53.
30
Calculate the remainder when 224 is divided by 170.
54
What is the remainder when 31 is divided by 12?
7
What is the remainder when 355 is divided by 28?
19
Calculate the remainder when 9 is divided by 2.
1
What is the remainder when 132 is divided by 64?
4
What is the remainder when 151 is divided by 11?
8
What is the remainder when 313 is divided by 78?
1
Calculate the remainder when 361 is divided by 330.
31
What is the remainder when 497 is divided by 50?
47
Calculate the remainder when 161 is divided by 8.
1
Calculate the remainder when 9595 is divided by 50.
45
Calculate the remainder when 176 is divided by 47.
35
Calculate the remainder when 1759 is divided by 136.
127
Calculate the remainder when 126 is divided by 61.
4
What is the remainder when 75 is divided by 22?
9
What is the remainder when 445 is divided by 8?
5
Calculate the remainder when 656 is divided by 30.
26
Calculate the remainder when 15256 is divided by 48.
40
What is the remainder when 372 is divided by 46?
4
What is the remainder when 61 is divided by 22?
17
Calculate the remainder when 722 is divided by 28.
22
Calculate the remainder when 184 is divided by 14.
2
Calculate the remainder when 252 is divided by 83.
3
Calculate the remainder when 1626 is divided by 240.
186
What is the remainder when 1749 is divided by 15?
9
What is the remainder when 1334 is divided by 225?
209
What is the remainder when 316 is divided by 115?
86
Calculate the remainder when 322 is divided by 96.
34
What is the remainder when 8641 is divided by 131?
126
Calculate the remainder when 3108 is divided by 5.
3
What is the remainder when 615 is divided by 22?
21
Calculate the remainder when 413 is divided by 23.
22
What is the remainder when 394 is divided by 136?
122
What is the remainder when 1217 is divided by 401?
14
Calculate the remainder when 787 is divided by 39.
7
Calculate the remainder when 604 is divided by 269.
66
Calculate the remainder when 1059 is divided by 113.
42
Calculate the remainder when 304 is divided by 44.
40
What is the remainder when 1183 is divided by 1178?
5
What is the remainder when 1914 is divided by 63?
24
What is the remainder when 1810 is divided by 37?
34
What is the remainder when 872 is divided by 73?
69
What is the remainder when 71 is divided by 37?
34
Calculate the remainder when 342 is divided by 93.
63
Calculate the remainder when 310 is divided by 52.
50
What is the remainder when 28 is divided by 14?
0
Calculate the remainder when 642 is divided by 107.
0
What is the remainder when 1295 is divided by 135?
80
What is the remainder when 66 is divided by 21?
3
Calculate the remainder when 5170 is divided by 7.
4
Calculate the remainder when 757 is divided by 19.
16
What is the remainder when 1178 is divided by 1164?
14
What is the remainder when 329 is divided by 10?
9
What is the remainder when 1136 is divided by 2?
0
What is the remainder when 88 is divided by 11?
0
Calculate the remainder when 292 is divided by 13.
6
What is the remainder when 73 is divided by 26?
21
Calculate the remainder when 516 is divided by 279.
237
What is the remainder when 578 is divided by 29?
27
Calculate the remainder when 81 is divided by 26.
3
What is the remainder when 126 is divided by 64?
62
Calculate the remainder when 4156 is divided by 54.
52
What is the remainder when 194 is divided by 52?
38
What is the remainder when 583 is divided by 58?
3
What is the remainder when 1156 is divided by 13?
12
What is the remainder when 235 is divided by 145?
90
Calculate the remainder when 271 is divided by 84.
19
Calculate the remainder when 76 is divided by 7.
6
Calculate the remainder when 39 is divided by 14.
11
What is the remainder when 970 is divided by 15?
10
What is the remainder when 348 is divided by 14?
12
What is the remainder when 133 is divided by 15?
13
Calculate the remainder when 832 is divided by 105.
97
What is the remainder when 2652 is divided by 9?
6
Calculate the remainder when 50 is divided by 13.
11
Calculate the remainder when 65 is divided by 11.
10
What is the remainder when 88 is divided by 22?
0
What is the remainder when 697 is divided by 14?
11
What is the remainder when 446 is divided by 126?
68
What is the remainder when 205 is divided by 104?
101
Calculate the remainder when 591 is divided by 35.
31
Calculate the remainder when 46 is divided by 6.
4
What is the remainder when 2055 is divided by 187?
185
What is the remainder when 235 is divided by 47?
0
What is the remainder when 953 is divided by 13?
4
Calculate the remainder when 275 is divided by 53.
10
Calculate the remainder when 194 is divided by 63.
5
Calculate the remainder when 475 is divided by 34.
33
Calculate the remainder when 3552 is divided by 11.
10
Calculate the remainder when 622 is divided by 89.
88
What is the remainder when 190 is divided by 24?
22
Calculate the remainder when 479 is divided by 218.
43
Calculate the remainder when 169 is divided by 91.
78
Calculate the remainder when 78 is divided by 41.
37
What is the remainder when 2366 is divided by 786?
8
What is the remainder when 37 is divided by 13?
11
What is the remainder when 1983 is divided by 14?
9
What is the remainder when 69 is divided by 18?
15
Calculate the remainder when 1234 is divided by 65.
64
Calculate the remainder when 365 is divided by 15.
5
What is the remainder when 455 is divided by 26?
13
Calculate the remainder when 55 is divided by 12.
7
What is the remainder when 67 is divided by 55?
12
What is the remainder when 671 is divided by 14?
13
What is the remainder when 59 is divided by 15?
14
What is the remainder when 813 is divided by 74?
73
Calculate the remainder when 108 is divided by 30.
18
What is the remainder when 220 is divided by 73?
1
What is the remainder when 63 is divided by 34?
29
What is the remainder when 4041 is divided by 41?
23
What is the remainder when 573 is divided by 145?
138
What is the remainder when 56 is divided by 24?
8
Calculate the remainder when 1962 is divided by 33.
15
What is t